 -1)/(-10)). Let t(h) be the second derivative of -h**3/6 + 7*h**2 - 2*h. Let s be t(10). Calculate the highest common divisor of s and y.
4
Suppose 4*j + 37 = 3*k + 135, 3*j - 65 = -2*k. Calculate the highest common divisor of 23 and j.
23
Let b = -62 + 36. Let f = b - -50. Suppose -3*a = -26 - 10. Calculate the greatest common factor of a and f.
12
Let o(f) = -2*f - 7. Let k(h) = 8*h + 28. Let a(d) = 2*k(d) + 9*o(d). Let j be a(-7). What is the highest common factor of j and 7?
7
Suppose 0 = 4*k + 3 - 19. Suppose -k*r + 0*r = 20. Let u be (-2)/r + 2688/30. Calculate the greatest common divisor of 10 and u.
10
Let s be (-4 + -4 + 28)/(2/1). Calculate the greatest common factor of 20 and s.
10
Let v be (-3)/(-5)*(5 + 0). Suppose 5*a - 20 = -w + 3*a, v*a - 23 = -w. What is the highest common factor of w and 2?
2
Let h = 215 + -200. Let a = -24 - -54. What is the highest common factor of a and h?
15
Suppose 2*v - 514 = -4*x, x - 2*v + 6*v - 146 = 0. What is the highest common factor of 14 and x?
14
Let b(z) = -z**3 + 2*z**2 + 5*z - 3. Let a be b(3). Suppose 3*v - 3*u - 102 = 0, v + 2*u - 30 = -u. What is the greatest common divisor of a and v?
3
Let j = 85 - 53. Calculate the greatest common divisor of 80 and j.
16
Let n(o) = 10*o**2 - 3*o - 1. Let i be n(-1). Calculate the highest common divisor of 6 and i.
6
Let p be (-10)/35 + (-51)/(-7). Calculate the greatest common divisor of 28 and p.
7
Let j = 78 - 0. Let b(a) = -6*a + 4. Let k be b(-8). Calculate the highest common factor of j and k.
26
Suppose w + 2*w + 18 = x, 4*x - 5*w - 44 = 0. What is the greatest common factor of 4 and x?
2
Suppose -2*g = 5*r - 88, 4*g - 2*r - 148 = 2*r. What is the greatest common divisor of 26 and g?
13
Let v = 8 + 36. What is the greatest common factor of v and 11?
11
Suppose 3*c - 6*c + 444 = 5*n, 454 = 5*n - 2*c. What is the greatest common divisor of n and 36?
18
Let u = 194 - 84. Let g(l) = 22*l**2 - l - 1. Let h be g(-1). What is the greatest common factor of u and h?
22
Suppose 0 = -5*s + l + 100, 2*s + l - 20 = 27. What is the greatest common divisor of s and 84?
21
Let d = -81 + 97. Calculate the greatest common divisor of 4 and d.
4
Let w(t) = -16*t**3 + 3*t**2 - t. Let u be w(2). Let s be u/(-3) + (-38)/(-57). Calculate the greatest common factor of 60 and s.
20
Suppose c + 33 = 3*b - 0*c, -5*c + 27 = b. Let q(o) = o**3 - 5*o**2 - 5*o - 2. Let s be q(6). What is the highest common divisor of s and b?
4
Suppose -3*p + p = 4*b + 12, 0 = -2*b - 10. Suppose p*c = -2*u + 18, -u - 7*c + 2*c = -21. What is the greatest common divisor of 1 and u?
1
Let x be 154/2 - (-2 - -1). Suppose -7 - x = -5*o. Calculate the greatest common factor of 17 and o.
17
Let s(j) = j + 22. Let r be s(-9). Let x = 10 - -3. Calculate the highest common factor of x and r.
13
Let x(a) = 14*a**3 - 2*a**2 + a + 5. Let d be x(3). What is the highest common factor of d and 46?
46
Suppose -3*x + 100 = 2*x. Calculate the highest common divisor of x and 10.
10
Let y be (-922)/(-6) - (-4)/12. Calculate the highest common divisor of y and 14.
14
Suppose -4*i + 32 = -20. Suppose -5*c = -3*x + 17 + 32, -2*x - 4*c + 18 = 0. Calculate the highest common divisor of i and x.
13
Let m be -23*9/(-6) - (-9)/18. Let l = -9 - -23. Calculate the greatest common divisor of l and m.
7
Let v be ((-3)/9)/(2/(-42)). Suppose -v = w + d, 2*w = -w + 2*d - 21. Let b(x) = -5*x - 7. Let u be b(w). Calculate the greatest common factor of u and 4.
4
Let m be (-6)/(-8)*8/(-2). Let x be 2/(-3)*m*3. Suppose 2*t - 6*t = -v + 71, 0 = 3*t + x. Calculate the greatest common divisor of v and 7.
7
Let l = -61 - -91. Calculate the highest common factor of 5 and l.
5
Let b(p) = -25*p - 14. Let y be b(-11). Suppose -2*j - t = -y, j = -4*t - 19 + 139. What is the greatest common factor of j and 12?
12
Let d be ((-4)/10)/((-5)/150). Let v = 90 + -42. Calculate the greatest common factor of d and v.
12
Suppose -4*f - 3*m = -12, 3*m = -4*f + f + 9. Let a = f - 3. Suppose -u + a*u = -30. Calculate the highest common divisor of u and 6.
6
Suppose -2*y + 81 = -3*a, 3*a = 5*a - 2. Let k be 93/7 - 12/y. Calculate the greatest common factor of 65 and k.
13
Suppose 13 = 3*v + 4*i, -6*v - 3*i = -v - 40. Suppose 5*f - 2*k - 2*k = 204, 2*f = -2*k + 96. Calculate the greatest common divisor of v and f.
11
Let m(q) = q**2 - 12*q + 14. Let z be m(12). What is the highest common factor of 7 and z?
7
Let j(b) = 4*b + 5. Let k be j(0). Calculate the greatest common factor of k and 20.
5
Suppose -63 = -5*x - 23. Calculate the greatest common divisor of 24 and x.
8
Let k = -12 + 17. Let c = -35 - -50. Calculate the greatest common factor of k and c.
5
Let a = -23 + 29. What is the highest common factor of 15 and a?
3
Suppose -50 - 73 = -3*y. Let j = y - -23. What is the highest common factor of 8 and j?
8
Let l = 25 + -15. Let c = 635 + -630. What is the greatest common divisor of l and c?
5
Let o(j) = j**3 + 6*j**2 - 7*j - 8. Let v be o(-6). Let z be 2/(-7) + (-242)/(-14). Calculate the highest common divisor of v and z.
17
Suppose -4*d + 40 = 4*q, -3*d + 5*q - 12 = -2. Suppose -d*s + 4 + 26 = 0. What is the greatest common divisor of s and 66?
6
Suppose 2*x - 19 = -5*r + 6*x, -20 = -5*x. Suppose -3*o + r = -8. Suppose 3*w = -n + 52, w + 1 = o*n - 3. What is the highest common divisor of 144 and w?
16
Let k = -13 - -29. Let j be (-2 + k/10)*-50. Let i = -11 + j. Calculate the highest common factor of i and 6.
3
Suppose 0 = -0*f - 5*f. Suppose -2*s - 2*x + 8 = 0, f = -3*x + 3 + 3. Let p be 1/s + 123/6. Calculate the greatest common factor of p and 14.
7
Suppose -h + 4*h - 3*w = 30, 0 = -3*h - 4*w + 9. Suppose -h*m + 462 = -4*m. Calculate the highest common divisor of 14 and m.
14
Let b be 37/4 - (-2)/(-8). Let f(v) = 7 - 51*v - 42*v + 96*v. Let w be f(b). Calculate the greatest common divisor of w and 51.
17
Let b be (0 + -9)*-8 - 0. Suppose j - z + 98 = 6*j, -4*z + b = 4*j. Suppose 5*h = -93 + 113. What is the greatest common divisor of j and h?
4
Let d be 27/(-18) + 5/2. Let s(l) = 8*l**2 + 1. Let t be s(1). Calculate the greatest common factor of t and d.
1
Let l be -3*((-130)/6)/1. What is the highest common divisor of l and 26?
13
Suppose 4*l = -5 + 21. Let g(r) = 6*r - 2. Let c be g(l). What is the greatest common factor of 11 and c?
11
Let b(t) = -10*t - 2. Suppose 0 = 4*n + 1 + 3. Let h be b(n). Calculate the greatest common factor of h and 2.
2
Let g(q) = -6*q**3 - q**2 - q - 1. Suppose -u - 1 = -0*u. Let h be g(u). Suppose -10*n = 19*n - 58. Calculate the highest common divisor of n and h.
1
Suppose 3*g = -3*u + 6*u - 198, 0 = -5*u + 4*g + 330. Let c = -321 - -486. Calculate the highest common divisor of c and u.
33
Suppose -3*p = 4*l - 670 - 402, -3*p = -2*l - 1048. What is the highest common factor of 44 and p?
44
Let g(y) = -2*y + 1. Let w be 6/9 - 26/(-6). Let b be g(w). Let s be ((-2)/(-2))/((-1)/b). Calculate the highest common divisor of 45 and s.
9
Let z = -3 + 5. Suppose 3*w - 31 = -5*m, -2*w + z*m = -4*w + 22. Calculate the highest common factor of 120 and w.
12
Let p(u) = u**2 - u + 8. Let i be p(11). Suppose i = 5*k - 207. What is the highest common factor of k and 13?
13
Let s(h) = -3*h**3 - h**2 + h - 1. Let t be s(-2). Let i be (-950)/(-7) - (-10)/35. Calculate the greatest common factor of t and i.
17
Let i = -204 + 100. Let b = -74 - i. What is the greatest common divisor of 75 and b?
15
Let d(j) = -j**2 - 10*j - 6. Let f be d(-6). Let k(c) = c**2 + 3*c + 5. Let h be k(-5). Let m = 60 - h. Calculate the greatest common divisor of m and f.
9
Suppose 4*d - 145 = z, -3*z - 50 = -0*d - d. Let t(x) = -x - 1. Let y be t(-6). What is the highest common factor of d and y?
5
Let s(f) = 18*f**2 + f + 1. Let c be s(-1). Calculate the highest common divisor of 6 and c.
6
Suppose 3*r - 48 = -15. What is the greatest common divisor of 187 and r?
11
Let j be ((-2)/(-4))/((-5)/13860*-6). What is the highest common divisor of 33 and j?
33
Let c(i) be the third derivative of i**4/24 + 5*i**3/2 - 6*i**2. Let n be c(0). Calculate the highest common factor of 120 and n.
15
Let l(r) = -r**3 - 8*r**2 - 2*r. Let y be -16*3/(-12)*-2. Let p be l(y). Calculate the highest common factor of p and 2.
2
Suppose 37 + 53 = c. Calculate the highest com